{"id":2864,"date":"2019-01-21T08:22:36","date_gmt":"2019-01-21T08:22:36","guid":{"rendered":"https:\/\/www.lust-auf-rom.de\/wordpress\/?post_type=product&#038;p=2864"},"modified":"2024-12-09T17:57:43","modified_gmt":"2024-12-09T16:57:43","slug":"lesezeichen-set","status":"publish","type":"product","link":"https:\/\/www.lust-auf-rom.de\/wordpress\/produkt\/lesezeichen-set\/","title":{"rendered":"Lesezeichen-Set aus 3 Motiven"},"content":{"rendered":"<p>[et_pb_section bb_built=&#8220;1&#8243; _builder_version=&#8220;3.22.4&#8243; custom_margin=&#8220;0px||0px|&#8220; custom_padding=&#8220;0px||0px|&#8220; z_index_tablet=&#8220;500&#8243;][et_pb_row][et_pb_column type=&#8220;4_4&#8243; custom_padding__hover=&#8220;|||&#8220; custom_padding=&#8220;|||&#8220;][et_pb_text _builder_version=&#8220;4.27.4&#8243; text_text_shadow_horizontal_length=&#8220;text_text_shadow_style,%91object Object%93&#8243; text_text_shadow_vertical_length=&#8220;text_text_shadow_style,%91object Object%93&#8243; text_text_shadow_blur_strength=&#8220;text_text_shadow_style,%91object Object%93&#8243; link_text_shadow_horizontal_length=&#8220;link_text_shadow_style,%91object Object%93&#8243; link_text_shadow_vertical_length=&#8220;link_text_shadow_style,%91object Object%93&#8243; link_text_shadow_blur_strength=&#8220;link_text_shadow_style,%91object Object%93&#8243; ul_text_shadow_horizontal_length=&#8220;ul_text_shadow_style,%91object Object%93&#8243; ul_text_shadow_vertical_length=&#8220;ul_text_shadow_style,%91object Object%93&#8243; ul_text_shadow_blur_strength=&#8220;ul_text_shadow_style,%91object Object%93&#8243; ol_text_shadow_horizontal_length=&#8220;ol_text_shadow_style,%91object Object%93&#8243; ol_text_shadow_vertical_length=&#8220;ol_text_shadow_style,%91object Object%93&#8243; ol_text_shadow_blur_strength=&#8220;ol_text_shadow_style,%91object Object%93&#8243; quote_text_shadow_horizontal_length=&#8220;quote_text_shadow_style,%91object Object%93&#8243; quote_text_shadow_vertical_length=&#8220;quote_text_shadow_style,%91object Object%93&#8243; quote_text_shadow_blur_strength=&#8220;quote_text_shadow_style,%91object Object%93&#8243; header_text_shadow_horizontal_length=&#8220;header_text_shadow_style,%91object Object%93&#8243; header_text_shadow_vertical_length=&#8220;header_text_shadow_style,%91object Object%93&#8243; header_text_shadow_blur_strength=&#8220;header_text_shadow_style,%91object Object%93&#8243; header_2_text_shadow_horizontal_length=&#8220;header_2_text_shadow_style,%91object Object%93&#8243; header_2_text_shadow_vertical_length=&#8220;header_2_text_shadow_style,%91object Object%93&#8243; header_2_text_shadow_blur_strength=&#8220;header_2_text_shadow_style,%91object Object%93&#8243; header_3_text_shadow_horizontal_length=&#8220;header_3_text_shadow_style,%91object Object%93&#8243; header_3_text_shadow_vertical_length=&#8220;header_3_text_shadow_style,%91object Object%93&#8243; header_3_text_shadow_blur_strength=&#8220;header_3_text_shadow_style,%91object Object%93&#8243; header_4_text_shadow_horizontal_length=&#8220;header_4_text_shadow_style,%91object Object%93&#8243; header_4_text_shadow_vertical_length=&#8220;header_4_text_shadow_style,%91object Object%93&#8243; header_4_text_shadow_blur_strength=&#8220;header_4_text_shadow_style,%91object Object%93&#8243; header_5_text_shadow_horizontal_length=&#8220;header_5_text_shadow_style,%91object Object%93&#8243; header_5_text_shadow_vertical_length=&#8220;header_5_text_shadow_style,%91object Object%93&#8243; header_5_text_shadow_blur_strength=&#8220;header_5_text_shadow_style,%91object Object%93&#8243; header_6_text_shadow_horizontal_length=&#8220;header_6_text_shadow_style,%91object Object%93&#8243; header_6_text_shadow_vertical_length=&#8220;header_6_text_shadow_style,%91object Object%93&#8243; header_6_text_shadow_blur_strength=&#8220;header_6_text_shadow_style,%91object Object%93&#8243; z_index_tablet=&#8220;500&#8243; box_shadow_horizontal_tablet=&#8220;0px&#8220; box_shadow_vertical_tablet=&#8220;0px&#8220; box_shadow_blur_tablet=&#8220;40px&#8220; box_shadow_spread_tablet=&#8220;0px&#8220; background_pattern_color=&#8220;rgba(0,0,0,0.2)&#8220; background_mask_color=&#8220;#ffffff&#8220; vertical_offset_tablet=&#8220;0&#8243; horizontal_offset_tablet=&#8220;0&#8243;]<\/p>\n<p>Lesezeichen von Lust auf Rom beantworten Ihnen folgende Frage: Wo war ich nochmal stehengeblieben?<br \/>Sie machen Ihnen den Alltag leichter und sch\u00f6ner und bringen ganz nebenbei ein St\u00fcck Rom in Ihre Lekt\u00fcre.<\/p>\n<p><strong>3 Lesezeichen, sortiert:<\/strong><\/p>\n<ul>\n<li>1 Lesezeichen &#8222;Gladiator&#8220;: Juvenal, Satiren 10, 79-81<\/li>\n<li>1 Lesezeichen &#8222;Chaos&#8220;: Ovid, Metamorphosen 1, 5-7<\/li>\n<li>1 Lesezeichen\u00a0 &#8222;R\u00f6mer sind auch nur Menschen&#8220;<\/li>\n<li>Gr\u00f6\u00dfe jeweils 14,8 x 5,2 cm<\/li>\n<li>400 g\/m\u00b2<\/li>\n<li>UV-Lack, gl\u00e4nzend<\/li>\n<li>Postversand<\/li>\n<\/ul>\n<p>Die Produktbilder zeigen jeweils Vorder- und R\u00fcckseite der Lesezeichen.<\/p>\n<p>\u00a0<\/p>\n<h3><span style=\"color: #990000;\">Herstellerinformationen<\/span><\/h3>\n<p><img loading=\"lazy\" decoding=\"async\" class=\"alignnone size-full wp-image-6640\" src=\"https:\/\/www.lust-auf-rom.de\/wordpress\/wp-content\/uploads\/2024\/12\/Hersteller.png\" alt=\"\" width=\"267\" height=\"122\" \/><\/p>\n<p>[\/et_pb_text][\/et_pb_column][\/et_pb_row][\/et_pb_section]<\/p>\n<span class=\"et_bloom_bottom_trigger\"><\/span>","protected":false},"excerpt":{"rendered":"<p><div class=\"et_pb_row et_pb_row_0 et_pb_row_empty\">\n\t\t\t\t\n\t\t\t\t\n\t\t\t\t\n\t\t\t\t\n\t\t\t\t\n\t\t\t<\/div> Lesezeichen von Lust auf Rom beantworten Ihnen folgende Frage: Wo war ich nochmal stehengeblieben?Sie machen Ihnen den Alltag leichter und sch\u00f6ner und bringen ganz nebenbei ein St\u00fcck Rom in Ihre Lekt\u00fcre.3 Lesezeichen, sortiert:1 Lesezeichen &#8222;Gladiator&#8220;: Juvenal, Satiren 10, 79-811 Lesezeichen &#8222;Chaos&#8220;: Ovid, Metamorphosen 1, 5-71 Lesezeichen\u00a0 &#8222;R\u00f6mer sind auch nur Menschen&#8220;Gr\u00f6\u00dfe jeweils 14,8 x [&hellip;]<\/p>\n","protected":false},"featured_media":2868,"template":"","meta":{"_et_pb_use_builder":"on","_et_pb_old_content":"Lesezeichen von Lust auf Rom beantworten Ihnen folgende Frage: Wo war ich nochmal stehengeblieben?\r\nSie machen Ihnen den Alltag leichter und sch\u00f6ner und bringen ganz nebenbei ein St\u00fcck Rom in Ihre Lekt\u00fcre.\r\n\r\n<strong>3 Lesezeichen, sortiert:<\/strong>\r\n<ul>\r\n \t<li>1 Lesezeichen \"Gladiator\": Juvenal, Satiren 10, 79-81<\/li>\r\n \t<li>1 Lesezeichen \"Chaos\": Ovid, Metamorphosen 1 ,1<\/li>\r\n \t<li>1 Lesezeichen\u00a0 \"R\u00f6mer sind auch nur Menschen\"<\/li>\r\n \t<li>Gr\u00f6\u00dfe jeweils 14,8 x 5,2 cm<\/li>\r\n \t<li>400 g\/m\u00b2<\/li>\r\n \t<li>UV-Lack, gl\u00e4nzend<\/li>\r\n \t<li>Postversand<\/li>\r\n<\/ul>\r\nDie Abbildungen zeigen jeweils Vorder- und R\u00fcckseite der Lesezeichen.","_et_gb_content_width":""},"product_brand":[],"product_cat":[88],"product_tag":[96,101,73,99,92],"class_list":{"0":"post-2864","1":"product","2":"type-product","3":"status-publish","4":"has-post-thumbnail","6":"product_cat-lesezeichen","7":"product_tag-augusteische-zeit","8":"product_tag-juvenal","9":"product_tag-lektuere","10":"product_tag-ovid","11":"product_tag-roemische-kaiserzeit","13":"first","14":"instock","15":"shipping-taxable","16":"purchasable","17":"product-type-simple"},"_links":{"self":[{"href":"https:\/\/www.lust-auf-rom.de\/wordpress\/wp-json\/wp\/v2\/product\/2864","targetHints":{"allow":["GET"]}}],"collection":[{"href":"https:\/\/www.lust-auf-rom.de\/wordpress\/wp-json\/wp\/v2\/product"}],"about":[{"href":"https:\/\/www.lust-auf-rom.de\/wordpress\/wp-json\/wp\/v2\/types\/product"}],"wp:featuredmedia":[{"embeddable":true,"href":"https:\/\/www.lust-auf-rom.de\/wordpress\/wp-json\/wp\/v2\/media\/2868"}],"wp:attachment":[{"href":"https:\/\/www.lust-auf-rom.de\/wordpress\/wp-json\/wp\/v2\/media?parent=2864"}],"wp:term":[{"taxonomy":"product_brand","embeddable":true,"href":"https:\/\/www.lust-auf-rom.de\/wordpress\/wp-json\/wp\/v2\/product_brand?post=2864"},{"taxonomy":"product_cat","embeddable":true,"href":"https:\/\/www.lust-auf-rom.de\/wordpress\/wp-json\/wp\/v2\/product_cat?post=2864"},{"taxonomy":"product_tag","embeddable":true,"href":"https:\/\/www.lust-auf-rom.de\/wordpress\/wp-json\/wp\/v2\/product_tag?post=2864"}],"curies":[{"name":"wp","href":"https:\/\/api.w.org\/{rel}","templated":true}]}}