{"id":1913,"date":"2018-08-13T12:50:14","date_gmt":"2018-08-13T12:50:14","guid":{"rendered":"https:\/\/www.lust-auf-rom.de\/wordpress\/?post_type=product&#038;p=1913"},"modified":"2024-12-09T17:39:03","modified_gmt":"2024-12-09T16:39:03","slug":"kompost-film-und-begleitmaterialien","status":"publish","type":"product","link":"https:\/\/www.lust-auf-rom.de\/wordpress\/produkt\/kompost-film-und-begleitmaterialien\/","title":{"rendered":"Kompost (Komposita damals und heute): Film-Rundumpaket"},"content":{"rendered":"<p>[et_pb_section bb_built=&#8220;1&#8243; admin_label=&#8220;section&#8220; inner_width_tablet=&#8220;50px&#8220; inner_max_width_tablet=&#8220;50px&#8220; _builder_version=&#8220;3.22.4&#8243; custom_margin=&#8220;0px||0px|&#8220; custom_padding=&#8220;0px||0px|&#8220; z_index_tablet=&#8220;500&#8243;][et_pb_row admin_label=&#8220;row&#8220; background_position=&#8220;top_left&#8220; background_repeat=&#8220;repeat&#8220; background_size=&#8220;initial&#8220; _builder_version=&#8220;3.22.4&#8243; width=&#8220;80%&#8220; max_width=&#8220;1080px&#8220;][et_pb_column type=&#8220;4_4&#8243; custom_padding__hover=&#8220;|||&#8220; custom_padding=&#8220;|||&#8220;][et_pb_text background_position=&#8220;top_left&#8220; background_repeat=&#8220;repeat&#8220; background_size=&#8220;initial&#8220; _builder_version=&#8220;4.27.4&#8243; text_text_shadow_horizontal_length=&#8220;text_text_shadow_style,%91object Object%93&#8243; text_text_shadow_horizontal_length_tablet=&#8220;0px&#8220; text_text_shadow_vertical_length=&#8220;text_text_shadow_style,%91object Object%93&#8243; text_text_shadow_vertical_length_tablet=&#8220;0px&#8220; text_text_shadow_blur_strength=&#8220;text_text_shadow_style,%91object Object%93&#8243; text_text_shadow_blur_strength_tablet=&#8220;1px&#8220; link_text_shadow_horizontal_length=&#8220;link_text_shadow_style,%91object Object%93&#8243; link_text_shadow_horizontal_length_tablet=&#8220;0px&#8220; link_text_shadow_vertical_length=&#8220;link_text_shadow_style,%91object Object%93&#8243; link_text_shadow_vertical_length_tablet=&#8220;0px&#8220; link_text_shadow_blur_strength=&#8220;link_text_shadow_style,%91object Object%93&#8243; link_text_shadow_blur_strength_tablet=&#8220;1px&#8220; ul_text_shadow_horizontal_length=&#8220;ul_text_shadow_style,%91object Object%93&#8243; ul_text_shadow_horizontal_length_tablet=&#8220;0px&#8220; ul_text_shadow_vertical_length=&#8220;ul_text_shadow_style,%91object Object%93&#8243; ul_text_shadow_vertical_length_tablet=&#8220;0px&#8220; ul_text_shadow_blur_strength=&#8220;ul_text_shadow_style,%91object Object%93&#8243; ul_text_shadow_blur_strength_tablet=&#8220;1px&#8220; ol_text_shadow_horizontal_length=&#8220;ol_text_shadow_style,%91object Object%93&#8243; ol_text_shadow_horizontal_length_tablet=&#8220;0px&#8220; ol_text_shadow_vertical_length=&#8220;ol_text_shadow_style,%91object Object%93&#8243; ol_text_shadow_vertical_length_tablet=&#8220;0px&#8220; ol_text_shadow_blur_strength=&#8220;ol_text_shadow_style,%91object Object%93&#8243; ol_text_shadow_blur_strength_tablet=&#8220;1px&#8220; quote_text_shadow_horizontal_length=&#8220;quote_text_shadow_style,%91object Object%93&#8243; quote_text_shadow_horizontal_length_tablet=&#8220;0px&#8220; quote_text_shadow_vertical_length=&#8220;quote_text_shadow_style,%91object Object%93&#8243; quote_text_shadow_vertical_length_tablet=&#8220;0px&#8220; quote_text_shadow_blur_strength=&#8220;quote_text_shadow_style,%91object Object%93&#8243; quote_text_shadow_blur_strength_tablet=&#8220;1px&#8220; header_text_shadow_horizontal_length=&#8220;header_text_shadow_style,%91object Object%93&#8243; header_text_shadow_horizontal_length_tablet=&#8220;0px&#8220; header_text_shadow_vertical_length=&#8220;header_text_shadow_style,%91object Object%93&#8243; header_text_shadow_vertical_length_tablet=&#8220;0px&#8220; header_text_shadow_blur_strength=&#8220;header_text_shadow_style,%91object Object%93&#8243; header_text_shadow_blur_strength_tablet=&#8220;1px&#8220; header_2_text_shadow_horizontal_length=&#8220;header_2_text_shadow_style,%91object Object%93&#8243; header_2_text_shadow_horizontal_length_tablet=&#8220;0px&#8220; header_2_text_shadow_vertical_length=&#8220;header_2_text_shadow_style,%91object Object%93&#8243; header_2_text_shadow_vertical_length_tablet=&#8220;0px&#8220; header_2_text_shadow_blur_strength=&#8220;header_2_text_shadow_style,%91object Object%93&#8243; header_2_text_shadow_blur_strength_tablet=&#8220;1px&#8220; header_3_text_shadow_horizontal_length=&#8220;header_3_text_shadow_style,%91object Object%93&#8243; header_3_text_shadow_horizontal_length_tablet=&#8220;0px&#8220; header_3_text_shadow_vertical_length=&#8220;header_3_text_shadow_style,%91object Object%93&#8243; header_3_text_shadow_vertical_length_tablet=&#8220;0px&#8220; header_3_text_shadow_blur_strength=&#8220;header_3_text_shadow_style,%91object Object%93&#8243; header_3_text_shadow_blur_strength_tablet=&#8220;1px&#8220; header_4_text_shadow_horizontal_length=&#8220;header_4_text_shadow_style,%91object Object%93&#8243; header_4_text_shadow_horizontal_length_tablet=&#8220;0px&#8220; header_4_text_shadow_vertical_length=&#8220;header_4_text_shadow_style,%91object Object%93&#8243; header_4_text_shadow_vertical_length_tablet=&#8220;0px&#8220; header_4_text_shadow_blur_strength=&#8220;header_4_text_shadow_style,%91object Object%93&#8243; header_4_text_shadow_blur_strength_tablet=&#8220;1px&#8220; header_5_text_shadow_horizontal_length=&#8220;header_5_text_shadow_style,%91object Object%93&#8243; header_5_text_shadow_horizontal_length_tablet=&#8220;0px&#8220; header_5_text_shadow_vertical_length=&#8220;header_5_text_shadow_style,%91object Object%93&#8243; header_5_text_shadow_vertical_length_tablet=&#8220;0px&#8220; header_5_text_shadow_blur_strength=&#8220;header_5_text_shadow_style,%91object Object%93&#8243; header_5_text_shadow_blur_strength_tablet=&#8220;1px&#8220; header_6_text_shadow_horizontal_length=&#8220;header_6_text_shadow_style,%91object Object%93&#8243; header_6_text_shadow_horizontal_length_tablet=&#8220;0px&#8220; header_6_text_shadow_vertical_length=&#8220;header_6_text_shadow_style,%91object Object%93&#8243; header_6_text_shadow_vertical_length_tablet=&#8220;0px&#8220; header_6_text_shadow_blur_strength=&#8220;header_6_text_shadow_style,%91object Object%93&#8243; header_6_text_shadow_blur_strength_tablet=&#8220;1px&#8220; box_shadow_horizontal_tablet=&#8220;0px&#8220; box_shadow_vertical_tablet=&#8220;0px&#8220; box_shadow_blur_tablet=&#8220;40px&#8220; box_shadow_spread_tablet=&#8220;0px&#8220; vertical_offset_tablet=&#8220;0&#8243; horizontal_offset_tablet=&#8220;0&#8243; z_index_tablet=&#8220;0&#8243; background_pattern_color=&#8220;rgba(0,0,0,0.2)&#8220; background_mask_color=&#8220;#ffffff&#8220;]<\/p>\n<p>H\u00e4tten Sie gedacht, dass Sie sich mit der Kenntnis eines einzigen lateinischen Wortes eine ganze Wortf\u00fclle im Deutschen erschlie\u00dfen k\u00f6nnen? Machen Sie sich Ihren Sprachalltag zugleich reicher und leichter! Die Filmreihe &#8222;Kompost&#8220; nimmt Sie, selbst wenn Sie kein Latein k\u00f6nnen sollten, mit auf eine Erkenntnisreise, bei der Ihnen &#8222;Aha&#8220;-Effekte garantiert sind.<\/p>\n<p>Vorschau (bitte ins Bild klicken):<\/p>\n<div style=\"width: 512px;\" class=\"wp-video\"><!--[if lt IE 9]><script>document.createElement('video');<\/script><![endif]-->\n<video class=\"wp-video-shortcode\" id=\"video-1913-1\" width=\"512\" height=\"288\" poster=\"https:\/\/www.lust-auf-rom.de\/wordpress\/wp-content\/uploads\/2018\/05\/kompost_schnappschuss.jpg\" preload=\"metadata\" controls=\"controls\"><source type=\"video\/mp4\" src=\"https:\/\/www.lust-auf-rom.de\/wordpress\/wp-content\/uploads\/2018\/06\/kompost_2018-04-24_gekuerzt_muster.mp4?_=1\" \/><a href=\"https:\/\/www.lust-auf-rom.de\/wordpress\/wp-content\/uploads\/2018\/06\/kompost_2018-04-24_gekuerzt_muster.mp4\">https:\/\/www.lust-auf-rom.de\/wordpress\/wp-content\/uploads\/2018\/06\/kompost_2018-04-24_gekuerzt_muster.mp4<\/a><\/video><\/div>\n<p>\u00a0<\/p>\n<p><strong>Film:<\/strong><\/p>\n<ul>\n<li>F\u00fchrt in die Filmreihe &#8222;Kompost&#8220; ein, die die Herkunft deutscher W\u00f6rter aus lateinischen Komposita erkl\u00e4rt.<\/li>\n<li>Erkl\u00e4rt den lateinischen Ursprung des Wortes &#8222;Kompost&#8220; und weiterer damit verwandter W\u00f6rter, deren Bedeutung sich ganz leicht aus dem gleichen lateinischen Wort erschlie\u00dfen lassen.<\/li>\n<li>MP4-Format; Dauer: 3.46 Minuten.<\/li>\n<li>Der Film wird als <strong>MP4<\/strong>-Datei zum <strong>maximal dreimaligen <\/strong>Herunterladen <strong>10 Tage lang nach Lieferung <\/strong>bereitgestellt.<\/li>\n<\/ul>\n<p><strong>Begleitmaterialien:<\/strong><\/p>\n<ul>\n<li>4 Fragebogen und 4 Bogen mit L\u00f6sungen: zu lateinischen, englischen, franz\u00f6sischen und spanischen W\u00f6rtern, die mit dem lateinischen Ursprung von &#8222;Kompost&#8220; verwandt sind:<br \/>je 1 Seite, Din A4, farbig, auch als Graustufendruck geeignet (8 pdf-Dateien);<br \/>Fragebogen zus\u00e4tzlich als\u00a0<strong>digital ausf\u00fcllbare<\/strong> pdf-Dateien (4 pdf-Dateien). (Demo-Video <a href=\"https:\/\/www.lust-auf-rom.de\/wordpress\/wp-content\/uploads\/2021\/09\/Digital_ausfuellbares_Begleitmaterial_Brigitte-Graef.mp4\" target=\"_blank\" rel=\"noopener noreferrer\">hier<\/a>)<\/li>\n<li>Die Begleitmaterialien werden als <strong>pdf<\/strong>-Dateien zum <strong>maximal dreimaligen<\/strong> Herunterladen <strong>10 Tage lang nach Lieferung <\/strong>bereitgestellt.<\/li>\n<\/ul>\n<p><strong>Verwendung:<\/strong><\/p>\n<ul>\n<li>Kernunterricht Latein<\/li>\n<li>Kernunterricht Englisch<\/li>\n<li>Kernunterricht Franz\u00f6sisch<\/li>\n<li>Kernunterricht Spanisch<\/li>\n<li>Vertretungsstunden, Freistunden, auch (z. B. nachmitt\u00e4gliche) Zeitspannen in Ganztagsschulen<\/li>\n<li>Latein-AG<\/li>\n<li>Englisch-AG<\/li>\n<li>Franz\u00f6sisch-AG<\/li>\n<li>Spanisch-AG<\/li>\n<\/ul>\n<p>\u00a0<\/p>\n<h3><span style=\"color: #990000;\">Herstellerinformationen<\/span><\/h3>\n<p><img loading=\"lazy\" decoding=\"async\" class=\"alignnone size-full wp-image-6640\" src=\"https:\/\/www.lust-auf-rom.de\/wordpress\/wp-content\/uploads\/2024\/12\/Hersteller.png\" alt=\"\" width=\"267\" height=\"122\" \/><\/p>\n<p>[\/et_pb_text][\/et_pb_column][\/et_pb_row][\/et_pb_section]<\/p>\n<span class=\"et_bloom_bottom_trigger\"><\/span>","protected":false},"excerpt":{"rendered":"<p>H\u00e4tten Sie gedacht, dass Sie sich mit der Kenntnis eines einzigen lateinischen Wortes eine ganze Wortf\u00fclle im Deutschen erschlie\u00dfen k\u00f6nnen? Machen Sie sich Ihren Sprachalltag zugleich reicher und leichter! Die Filmreihe &#8222;Kompost&#8220; nimmt Sie, selbst wenn Sie kein Latein k\u00f6nnen sollten, mit auf eine Erkenntnisreise, bei der Ihnen &#8222;Aha&#8220;-Effekte garantiert sind.Vorschau (bitte ins Bild klicken):<div style=\"width: 640px;\" class=\"wp-video\"><video class=\"wp-video-shortcode\" id=\"video-1913-2\" width=\"640\" height=\"360\" preload=\"metadata\" controls=\"controls\"><source type=\"video\/mp4\" src=\"https:\/\/www.lust-auf-rom.de\/wordpress\/wp-content\/uploads\/2018\/06\/kompost_2018-04-24_gekuerzt_muster.mp4?_=2\" \/><a href=\"https:\/\/www.lust-auf-rom.de\/wordpress\/wp-content\/uploads\/2018\/06\/kompost_2018-04-24_gekuerzt_muster.mp4\">https:\/\/www.lust-auf-rom.de\/wordpress\/wp-content\/uploads\/2018\/06\/kompost_2018-04-24_gekuerzt_muster.mp4<\/a><\/video><\/div><\/p>\n","protected":false},"featured_media":908,"template":"","meta":{"_et_pb_use_builder":"on","_et_pb_old_content":"Vorschau:\r\n\r\n[video width=\"512\" height=\"288\" mp4=\"https:\/\/www.lust-auf-rom.de\/wordpress\/wp-content\/uploads\/2018\/06\/kompost_2018-04-24_gekuerzt_muster.mp4\"][\/video]\r\n\r\n<strong>Film:<\/strong>\r\n<ul>\r\n \t<li>F\u00fchrt in die Filmreihe \"Kompost\" ein, die die Herkunft deutscher W\u00f6rter aus lateinischen Komposita erkl\u00e4rt.<\/li>\r\n \t<li>Erkl\u00e4rt den lateinischen Ursprung des Wortes \"Kompost\" und weiterer damit verwandter W\u00f6rter, deren Bedeutung sich ganz leicht aus dem gleichen lateinischen Wort erschlie\u00dfen lassen.<\/li>\r\n \t<li>MP4-Format; Dauer: 3.46 Minuten.<\/li>\r\n \t<li>Der Film wird als <strong>MP4<\/strong>-Datei zum <strong>maximal dreimaligen <\/strong>Herunterladen <strong>10 Tage lang nach Lieferung <\/strong>bereitgestellt.<\/li>\r\n<\/ul>\r\n<strong>Begleitmaterialien:<\/strong>\r\n<ul>\r\n \t<li>4 Fragebogen und 4 Bogen mit L\u00f6sungen: zu lateinischen, englischen, franz\u00f6sischen und spanischen W\u00f6rtern, die mit dem lateinischen Ursprung von \"Kompost\" verwandt sind\r\n(je 1 Seite, Din A4, farbig, auch als Graustufendruck geeignet)<\/li>\r\n \t<li>Die 8 Bogen werden als <strong>pdf<\/strong>-Dateien zum <strong>maximal dreimaligen<\/strong> Herunterladen <strong>10 Tage lang nach Lieferung <\/strong>bereitgestellt.<\/li>\r\n<\/ul>\r\n<strong>Verwendung:<\/strong>\r\n<ul>\r\n \t<li>Kernunterricht Latein<\/li>\r\n \t<li>Kernunterricht Englisch<\/li>\r\n \t<li>Kernunterricht Franz\u00f6sisch<\/li>\r\n \t<li>Kernunterricht Spanisch<\/li>\r\n \t<li>Vertretungsstunden, Freistunden, auch (z. B. nachmitt\u00e4gliche) Zeitspannen in Ganztagsschulen<\/li>\r\n \t<li>Latein-AG<\/li>\r\n \t<li>Englisch-AG<\/li>\r\n \t<li>Franz\u00f6sisch-AG<\/li>\r\n \t<li>Spanisch-AG<\/li>\r\n<\/ul>","_et_gb_content_width":""},"product_brand":[],"product_cat":[53],"product_tag":[76,77],"class_list":{"0":"post-1913","1":"product","2":"type-product","3":"status-publish","4":"has-post-thumbnail","6":"product_cat-filme","7":"product_tag-allgemeinbildung","8":"product_tag-etymologie","10":"first","11":"instock","12":"downloadable","13":"virtual","14":"purchasable","15":"product-type-simple"},"_links":{"self":[{"href":"https:\/\/www.lust-auf-rom.de\/wordpress\/wp-json\/wp\/v2\/product\/1913","targetHints":{"allow":["GET"]}}],"collection":[{"href":"https:\/\/www.lust-auf-rom.de\/wordpress\/wp-json\/wp\/v2\/product"}],"about":[{"href":"https:\/\/www.lust-auf-rom.de\/wordpress\/wp-json\/wp\/v2\/types\/product"}],"wp:featuredmedia":[{"embeddable":true,"href":"https:\/\/www.lust-auf-rom.de\/wordpress\/wp-json\/wp\/v2\/media\/908"}],"wp:attachment":[{"href":"https:\/\/www.lust-auf-rom.de\/wordpress\/wp-json\/wp\/v2\/media?parent=1913"}],"wp:term":[{"taxonomy":"product_brand","embeddable":true,"href":"https:\/\/www.lust-auf-rom.de\/wordpress\/wp-json\/wp\/v2\/product_brand?post=1913"},{"taxonomy":"product_cat","embeddable":true,"href":"https:\/\/www.lust-auf-rom.de\/wordpress\/wp-json\/wp\/v2\/product_cat?post=1913"},{"taxonomy":"product_tag","embeddable":true,"href":"https:\/\/www.lust-auf-rom.de\/wordpress\/wp-json\/wp\/v2\/product_tag?post=1913"}],"curies":[{"name":"wp","href":"https:\/\/api.w.org\/{rel}","templated":true}]}}